mmon divisor of 22 and g.
11
Let s(g) = 12*g - 1. Let a be s(1). Suppose -3*x + 186 - 42 = 0. Suppose -a*c + 3*c = -x. What is the highest common divisor of c and 54?
6
Let p be 0 - 0 - 2 - -6. Suppose -760 = -2*x + l + 2*l, x - p*l = 390. What is the greatest common factor of x and 34?
34
Let h be 50*(12/(-8) + 2). Let l be (16/10)/((-4)/(-400)). Let n be ((-9)/12)/((-24)/l). Calculate the greatest common factor of n and h.
5
Let r = 2 - -1. Suppose r*c - 2*c - 16 = 0. What is the highest common divisor of c and 176?
16
Suppose 1446*p - 1444*p = 104. What is the greatest common factor of p and 260?
52
Suppose -8 = -5*r + 17. Let g(z) = -15*z**3 - 2*z**2 + 7*z + 9. Let y be g(-1). What is the highest common factor of r and y?
5
Let x be 6/21 + (-38)/(-14). Suppose 3*g - 50 = -5*q, 2*q = -4*g + x + 3. Calculate the highest common factor of q and 26.
13
Suppose 3*j = 36 - 54. Let h(n) = -6*n - 16. Let v be h(j). Let s = 23 - 13. Calculate the highest common factor of s and v.
10
Let d(m) = 19*m**2 + 9*m. Let q be d(-3). Calculate the highest common factor of 32 and q.
16
Let f = 26 - -77. Let u = f + -8. What is the highest common divisor of 19 and u?
19
Let m = -269 - -283. What is the greatest common factor of 994 and m?
14
Let k = -229 + 333. Suppose -5*h + 4*j + 540 = 0, 0 = -7*h + 4*h + 4*j + 316. Let v be (h/4)/2 + -1. Calculate the highest common factor of v and k.
13
Let l be 5 - (-1 - -3 - 0). Let u be ((-3)/(-6))/(l/18). Suppose u*n = -3, 0 = -2*k - 2*k - n + 59. Calculate the greatest common divisor of k and 60.
15
Suppose -59*h + 64*h = 55. Let i be -1 - (1 + -1) - -56. What is the highest common divisor of i and h?
11
Let s be 61/(-5) + 1/5. Let l = -9 - s. Suppose -3*v + 2 = 2*t, v - l*v + 3*t = -23. What is the highest common divisor of 4 and v?
4
Let k = -57 + 108. Let q(c) = 33*c**2 + 15*c + 16. Let a be q(-1). What is the greatest common divisor of k and a?
17
Suppose 5*h + 4 = -r + 2, -2*h = -4*r + 14. Suppose v + 23 = r*v - 3*d, 43 = 4*v - 5*d. Suppose 40 = 11*y - v*y. What is the highest common divisor of 25 and y?
5
Suppose 3*b - 1 + 13 = 0, -4*b - 583 = -i. What is the greatest common divisor of i and 63?
63
Suppose 0 = -z + 32 + 46. Let l = z + -74. Calculate the highest common divisor of 4 and l.
4
Let p(s) = -s**2 + 12*s + 4. Suppose 4*j - 4 = 0, 2*n + 9 = 3*n - 3*j. Let t be p(n). What is the highest common factor of t and 32?
4
Suppose -3*y + 400 = -4*t - y, 0 = -y. Let a = 79 + 111. Let u = a + t. What is the greatest common factor of 18 and u?
18
Suppose 5*i = -121 - 69. Let k = 44 + i. What is the greatest common factor of 18 and k?
6
Let z be 72*((-8)/(-48))/(7/14). What is the highest common factor of 75 and z?
3
Let u be (0 - -3)*70/42. Let i(j) = 26*j - 9. Let y be i(u). Suppose -c - 26 = -2*x, -2*x + 0*x - 2*c + 14 = 0. Calculate the highest common divisor of y and x.
11
Let n be (2 - (-48)/5)*(-75)/(-15). Let b = -46 + n. Calculate the greatest common divisor of 36 and b.
12
Let a(f) = -f**2 - 10*f - 3. Suppose 0 = 4*d + 24 + 12. Let g be a(d). Let k be (-34)/(-3) + 4/g. What is the highest common divisor of k and 84?
12
Let z(g) = -91*g + 1092. Let j be z(11). Suppose -x + 4 + 3 = 0. Calculate the greatest common factor of j and x.
7
Suppose 5*c = -5*y + 155, -2*y - 25 = -c - y. Suppose -4*j - 2*f + 192 = c, 2 = -f. What is the highest common divisor of 6 and j?
6
Let w(v) = 16*v - 33. Let c(h) = -11*h + 22. Let f(z) = -8*c(z) - 5*w(z). Let p be f(6). What is the highest common divisor of 148 and p?
37
Let x = -636 + 659. Suppose -806 = -5*n + r, -8*r + 4*r - 487 = -3*n. Calculate the greatest common divisor of x and n.
23
Let d(m) = -m**3 - 10*m**2 - 17*m - 68. Let j be d(-9). What is the greatest common factor of 6 and j?
2
Let y = -65 - -32. Let t = 143 + y. What is the greatest common divisor of t and 10?
10
Suppose 0 = 3*c - 5*w, 4*w = 2*c + 6*w. Let y(u) = 4*u + 31. Let z be y(c). Calculate the highest common factor of z and 341.
31
Let s(n) = -n**2 + 6*n - 4. Suppose 4*f + 2*z = 7*z + 37, 43 = 4*f - 3*z. Suppose -f = -3*k + 2. Let q be s(k). What is the greatest common divisor of q and 9?
1
Let n = 15 + -15. Suppose 5*a + 3*v - 18 - 5 = n, 4*a - 5*v = 11. Suppose 0 = 2*u + 8, a*o - 4*u + 7*u - 60 = 0. What is the greatest common factor of 9 and o?
9
Let t be 6 + 0 + 1 + -1. Suppose -40 = 2*d - t*d. Suppose -6*c = -422 + 2. Calculate the greatest common factor of d and c.
10
Suppose -13*w - 142 + 402 = 0. Calculate the highest common divisor of w and 40.
20
Let r(w) be the third derivative of -w**4/8 + w**3/2 - w**2. Let j be (-2)/5 + ((-43)/5 - -3). Let u be r(j). What is the greatest common divisor of u and 3?
3
Let v(c) = -c**3 - 7*c**2 - 15*c - 80. Let n be v(-7). What is the highest common factor of n and 1150?
25
Suppose 0*q + 64 = 4*f - 4*q, 5*f - q = 60. What is the highest common factor of f and 2189?
11
Let c be 36*2*(-90)/(-180). Calculate the highest common factor of c and 1692.
36
Suppose 2*n + 20*z - 109 = 21*z, -z = 3*n - 171. What is the highest common factor of 8 and n?
8
Suppose -13*k = 83 - 421. What is the highest common divisor of k and 1794?
26
Suppose -238 = -s - 2*p, -210 = -194*s + 193*s + 5*p. Calculate the highest common divisor of 40 and s.
10
Let m(g) = 2*g**2 - 9*g. Let s be m(5). Suppose t = -4*w + 110, -w - s*t = -2*t - 22. What is the highest common factor of w and 224?
28
Let d be ((54/24)/3)/(6/192). What is the greatest common factor of d and 152?
8
Let q be (-1)/((-9)/36 + (-3)/(-4)). Let k be (-4 - -4)/(1*q) - -54. Let r = 154 + -73. What is the greatest common divisor of r and k?
27
Let a be (-8)/(1 + (-6 - -4)). Let n = -2 + a. What is the greatest common divisor of 6 and n?
6
Let c be (-3 - 155/(-15)) + 2/(-6). What is the greatest common factor of 35 and c?
7
Suppose 4 = -n + 2*p, -5*n + 3*p - 6*p = -19. Let l = -3 + 5. Suppose -2*j + n*r = -14, l*j = -0*r + r + 9. Calculate the greatest common divisor of 16 and j.
2
Let r = -21 + 18. Let z(p) = 6*p**2 - p + 3. Let a be z(r). Calculate the greatest common divisor of a and 24.
12
Let c(h) = -h**3 + 17*h**2 - 19*h - 32. Let s be c(16). Let i = s + 82. What is the greatest common factor of i and 5?
1
Suppose 0 = 7*u - 745 + 199. What is the highest common factor of u and 26?
26
Suppose -4*w = 4*q - 4012, -2*w + 2*q + 1393 + 597 = 0. What is the greatest common divisor of w and 37?
37
Suppose 3*r = 4*b - 91 - 3, -5*r - 98 = -4*b. Calculate the greatest common factor of 33 and b.
11
Suppose -28*w + 3*w + 12100 = 0. What is the greatest common factor of w and 132?
44
Let l = 10 - -35. Suppose 2*s - 112 = -2*h, h + h - 5*s = 84. Let o = h + -22. What is the greatest common divisor of l and o?
15
Let h(d) = 3*d**2 + 3*d - 5. Let w(t) = -2*t**2 - 2*t + 2. Let s(p) = -3*h(p) - 5*w(p). Let x be s(-4). What is the highest common factor of x and 17?
17
Let u(r) = 0*r**2 + 9*r**2 - 10*r**2 - 10*r + 0*r**2 - 5. Let y be u(-8). Let p = 241 - 164. Calculate the greatest common divisor of p and y.
11
Suppose -903*v + 893*v = -720. What is the highest common divisor of 27 and v?
9
Suppose -3*t = 2*t - 20, 0 = 5*n - 5*t - 5. Suppose 0*o + o = n. Suppose -o*s + 4*s = -28. What is the highest common divisor of 4 and s?
4
Let x be 4/1*(2 + 22). Suppose -12 = -4*y + 3*y. What is the highest common divisor of y and x?
12
Let u = -8 + 20. Let x = 20 + -3. Suppose -20*i + x*i = -144. Calculate the greatest common factor of u and i.
12
Let p be (0/(-1) - -6)/(-4)*-6. Calculate the highest common divisor of p and 9.
9
Let j(z) = -4*z + 60. Let r be j(11). Suppose 6*f - 44 - r = 0. Calculate the greatest common factor of f and 4.
2
Let b = 37 - 19. Suppose q - 2*q + b = 0. Let d = 43 + -41. Calculate the greatest common divisor of q and d.
2
Let b(v) = 2*v + 2*v**2 - 3*v**2 - v**2 - 2. Let n be b(2). Let k be 26/39 + (-104)/n. What is the highest common factor of 2 and k?
2
Suppose t = 3*t - 4*g - 58, 81 = 3*t - 3*g. Suppose -11*c + 88 = -9*c + 4*b, -4*c - 3*b = -191. What is the highest common divisor of c and t?
25
Suppose 3*v - 2*v + 140 = 2*w, -4*w + 280 = 4*v. Let u be 510/w - (-4)/(-14). What is the greatest common divisor of u and 49?
7
Let g(y) = -y**3 - 2*y**2 + 10*y - 17. Let w be g(-5). Let x be 92/(-12) - 6/(-9). Let c = x 